127. What is the highest common divisor of b and p?
49
Suppose -w = -4*n + 8*n - 59, 2*n - 3*w - 19 = 0. Let q(g) = g**3 + 2*g**2 - 4*g + 6. Let o be q(5). Calculate the greatest common factor of o and n.
7
Suppose 0 = -5*f - 5*o + 520, 34*f = 32*f + 5*o + 236. What is the greatest common divisor of f and 2214?
54
Let g(f) = -444*f + 6945. Let y be g(-56). What is the highest common factor of 69 and y?
69
Let w be (-4)/(-4) - 20/(-2). Suppose 4*c - 442 + 90 = 0. What is the greatest common factor of w and c?
11
Let u(n) = 7*n + 72. Let d be u(-10). Suppose -d*c - 2*m - 3*m = -36, -160 = -5*c + 5*m. What is the greatest common divisor of 868 and c?
28
Let x be 304/(-38)*(-70)/4. Suppose 2 = -3*q + x. What is the highest common divisor of q and 598?
46
Suppose -6*d + 10*d + 3*g - 56 = 0, 5*g - 28 = -2*d. Calculate the greatest common divisor of d and 112.
14
Let v = 10 - 5. Let k = -2645 - -2640. Let n be -12*(-1)/(v/(-2))*k. What is the highest common divisor of n and 216?
24
Suppose 9*i = -327*i - i + 2756997. Calculate the highest common factor of i and 243.
81
Suppose -3*m + h - 39 = 5*h, -h + 24 = -3*m. Let g be (-6)/m*(-13 + -5). Let d = 44 + g. What is the highest common divisor of d and 288?
32
Let k(c) = c**2 + 9 - 16*c + 2*c**2 - c**2. Suppose 382*z - 378*z - 32 = 0. Let u be k(z). What is the highest common factor of 6 and u?
3
Suppose 134*j - 102 = 117*j. Let a be 7 + (-1)/(0 + -2 + 3). What is the highest common divisor of j and a?
6
Let l be (-4)/10 + (-576)/(-40). Let s be (30/8 - 2)*(8 + -28). Let g = 77 + s. What is the highest common divisor of g and l?
14
Suppose 37*c - 93713 - 1062537 = 0. Calculate the highest common factor of 50 and c.
50
Let r(v) = -2*v**3 + 13*v**2 - 8*v - 3. Let u be r(5). Suppose -3*w + 7*w = -u. Let b = 12 + w. Calculate the greatest common divisor of 36 and b.
4
Suppose 0 = 2*q - k - 6999, -2*k = -465*q + 466*q - 3482. What is the highest common factor of 736 and q?
184
Suppose -534 = 5*m - 939. What is the greatest common factor of 297 and m?
27
Let y(o) = -3*o**3 + 3*o**2 + 2*o - 2. Let g be y(-2). Let q be 6120/24 - (-1 - -3 - 2). Calculate the highest common divisor of g and q.
15
Let f(i) = -i**3 + 7*i**2 + 4*i - 5. Suppose -32*y - 3*y + 245 = 0. Let z be f(y). Let s be -2 + (-2 - (-1 - 26)). What is the highest common factor of z and s?
23
Suppose -3*p = -4*a + 24, a - p = 3*a - 12. Let v be 40/(a*(-2)/(-18)). Calculate the greatest common divisor of 45 and v.
15
Suppose 5*z - 73 = a + 28, -4*z = 2*a - 78. Suppose -5*p + 807 = -3*o + 4002, -5*o - 4*p + 5436 = 0. Calculate the greatest common factor of z and o.
20
Let r(q) = -4*q**2 - 16*q - 161. Let o(g) = g**2 - 2. Let w(m) = -6*o(m) - r(m). Let i be w(-6). What is the greatest common factor of 125 and i?
5
Suppose 17619 = 319*y - 11729. What is the highest common divisor of y and 24748?
92
Suppose 60*d - 24*d - 24564 = 13*d. Calculate the highest common factor of 12 and d.
12
Let q = 19864 + -19808. What is the greatest common factor of q and 6286?
14
Let k = 16 - 14. Let o(z) = -z**3 - 11*z**2 - 11*z - 5. Let l be o(-10). Let r(d) = -4*d + 22. Let x be r(l). What is the highest common divisor of x and k?
2
Let d(i) = i**3 - 4*i**2 - 5*i + 2. Let x be d(5). Let j be -6 + 8 + x/1. Suppose 0 = j*s + 74 - 254. Calculate the greatest common factor of s and 18.
9
Let n = 5591 - 5527. Let d(y) = -4*y**3 + 4*y**2 - y - 4. Let s be d(-4). What is the greatest common divisor of s and n?
64
Let g = 471 + -465. What is the highest common factor of 6228 and g?
6
Let u be (-28)/6*(-21 - -3). Suppose 201*z - 3463 - 1223 = -1068. Calculate the highest common divisor of z and u.
6
Let u be -5*(-1 + 84/(-15)). Let h be (-4)/6 + ((-10959)/(-117) - -39). Calculate the greatest common factor of h and u.
33
Suppose -175 + 7 = -3*k. Suppose 12 = 196*b - 192*b. Suppose -141 = -b*n - 117. What is the highest common factor of n and k?
8
Suppose 155*m - 156 = 144*m + 460. Calculate the greatest common divisor of 1568 and m.
56
Suppose -13*l = -11*l - 192. Suppose 0 = y - 5*y + 4*f + 48, 2*f = 0. What is the highest common divisor of y and l?
12
Let c(m) = -62*m**3 - 5*m**2 - m - 4. Let b be c(-4). Calculate the highest common factor of b and 32.
16
Let l(y) = -y**2 - 6. Let j be l(0). Let a be 5*(j/(-8) + 7530/200). Let g = -29 + 53. What is the highest common factor of g and a?
24
Let l(j) = 3*j + 3. Let a be l(-1). Suppose a = -7*p + 10*p + 3. Let o be 9/(p - (-58)/52) - 3. Calculate the greatest common divisor of o and 30.
15
Let s = 1811 - 746. Let i be s/90 + (-1)/(-6). Calculate the highest common factor of 32 and i.
4
Let i = -21 + 26. Let c be (-5 - -6)*(i - 3). Suppose k - 12 = 5*o, c*o - 40 = -4*k + 8. Calculate the greatest common factor of 6 and k.
6
Suppose 4*a + 7 = -29. Let u(k) = -k**3 - 12*k**2 + k + 6. Let i be u(-12). Let p be ((-80)/i)/((-6)/a). What is the highest common factor of 80 and p?
20
Let q(f) = -7*f**2 + 2*f + 88. Let h be (2 + 2 - 2*2)/(-1). Let y be q(h). Calculate the greatest common divisor of 242 and y.
22
Let k = 6063 - 5599. Calculate the greatest common factor of k and 3132.
116
Let h be ((-90)/21)/((90/28)/(-15)). Let j = 125 + -45. What is the highest common factor of h and j?
20
Suppose -2*h + 987 = -2*z + 3651, 0 = -3*z - 5*h + 4004. What is the greatest common factor of 43 and z?
43
Let u = 3488 - 3445. What is the highest common factor of u and 3483?
43
Let u be 45/(-12)*8/2. Let b = u - -75. Calculate the highest common factor of b and 12.
12
Suppose 2*p - 7918 = -9*k, -p - 913 - 3488 = -5*k. Calculate the highest common divisor of 300 and k.
20
Suppose 0 = 4*b - 3*l - 215, 4*b = -44*l + 41*l + 185. What is the highest common divisor of 95 and b?
5
Let d(l) = l**3 + 9*l**2 + 3*l - 35. Let k be d(-7). Calculate the greatest common divisor of 11298 and k.
42
Suppose 0*a - 3*a + 2469 = -12*z, 2454 = 3*a + 3*z. Calculate the greatest common factor of 1989 and a.
117
Let u(x) = 2*x**2 + 23*x + 16. Let v(s) = -10*s - 8. Let j be v(-3). Suppose 32*h = 30*h - j. Let w be u(h). Calculate the highest common divisor of w and 40.
5
Let o = 88 - 52. Let j(f) be the first derivative of 2*f**3/3 - 3*f**2 - 1. Let x be j(9). Calculate the highest common divisor of x and o.
36
Let h(i) = -i**3 - 5*i**2 + 10*i + 27. Let n be h(-6). Let c be 1/((-11)/n - -4). Let t be 4 + 165/c + -2. Calculate the greatest common factor of 19 and t.
19
Suppose 0*h + 3*h = -z + 6, 5*z - 5*h = -10. Suppose -s - 3*g - g + 47 = 0, 3*s + 5*g - 148 = z. What is the greatest common factor of 102 and s?
51
Let m(r) = -r - 5. Let q be m(-5). Suppose -4*k + 4*f - 7*f + 85 = 0, q = k - 5*f - 27. Let c = -13 + k. Calculate the greatest common factor of c and 9.
9
Let j(f) = f**3 + 13*f**2 - f - 10. Let r be j(-13). Let g(y) = -y**2 + 298*y - 320*y + 30 + 8. Let p be g(-23). What is the highest common factor of r and p?
3
Let k(i) = i**3 + 7*i**2 - 12*i + 8. Let m be k(-8). Let w = m + -32. Let y be (4/w)/((-2)/(-68)). What is the greatest common divisor of y and 51?
17
Let y(b) = 38*b + 1365. Let a be y(-33). What is the highest common divisor of 333 and a?
111
Suppose -117781*a = -117780*a - 9. Calculate the greatest common factor of 23598 and a.
9
Let t be (21/(-4))/((-71)/(-24) + -3). Suppose 0 = 5*u - t - 24. Let m = -65 + 275. What is the greatest common divisor of m and u?
30
Suppose -196 - 79 = -5*b. Let f = b - 25. Let k = 1627 - 1507. What is the greatest common divisor of f and k?
30
Let c = 3 + 2. Suppose -v + 15 = c*a, -5*v + 17 = 9*a - 13*a. Calculate the greatest common factor of 9 and a.
1
Suppose 45*g - 32900 = 31*g. Let y = g + -1019. Calculate the highest common divisor of y and 11.
11
Let u(c) = 115*c + 17763. Let y be u(-144). What is the highest common divisor of 15 and y?
3
Let b be 127/5 - 9/(-15). Let x = 35 - b. Suppose -2*o - 49 = -x*o. Calculate the greatest common divisor of o and 28.
7
Let r(l) = l**2 - 10*l + 14. Let w be r(9). Let h = w - -204. What is the highest common factor of h and 33?
11
Let k = 597 - 132. Suppose -8*u + k = 81. What is the greatest common divisor of u and 1488?
48
Let x be -10*(44/15)/((-410)/30 + 13). What is the highest common divisor of x and 144?
4
Suppose 129*r - 576 = 125*r. Calculate the highest common fa